23
Let d(c) = 45*c**2 + 1698*c - 151. List the prime factors of d(-55).
2, 5323
Suppose -4*l = -812 - 1412. Let b be (-2 + l)*6/(-12). What are the prime factors of (-1)/(-2) - (-7)/((-14)/b)?
139
Let t(i) = -i**3 + 15*i**2 + 40*i - 23. Suppose 356*j - 210 = 341*j. What are the prime factors of t(j)?
733
Let h = -30560 + 46123. List the prime factors of h.
79, 197
Let g(f) = -6*f + 0*f - f - 10. Suppose 80 - 4 = -38*q. List the prime factors of g(q).
2
Let j = -224 + 359. Suppose -j - 553 = -2*a. List the prime factors of a.
2, 43
Let n = -74 - -90. Suppose -n*i + 3812 + 7036 = 0. What are the prime factors of i?
2, 3, 113
Let z = -62 - -65. Suppose 5*h = -w + 281, 5*h + 309 = w + z*h. What are the prime factors of w?
7, 43
Let v = 24 + -20. Suppose -12 = -2*l - v*l. Suppose -3*p + 59 = -l*p. What are the prime factors of p?
59
Let v(o) = -3874*o + 265. List the prime factors of v(-6).
23509
Suppose 24*w = 17*w. Suppose 0 = 2*f + 8 + 2, w = 3*g + 2*f - 758. What are the prime factors of g?
2
Suppose 3*h + 4 = 7*d - 3*d, 0 = -4*h - 4*d + 4. Suppose h = -2*q + 8, -q = -2*l - 3*q. What are the prime factors of (-430)/(-14) - l/14?
31
Suppose -6 = t - 0*t. Let s = -4 - t. Let z(g) = 4*g**3 - 2*g**2 - 3*g + 3. What are the prime factors of z(s)?
3, 7
Let q(b) = 3*b - 5. Let l be q(-12). Let j = l - -46. Suppose -j*w - 55 = -210. List the prime factors of w.
31
Let l(h) = 3*h**3 + 123*h**2 - 69*h - 110. List the prime factors of l(-37).
113, 167
Suppose -6*o + 5*o + c = -1267, 5*o + c - 6299 = 0. List the prime factors of o.
13, 97
Let l be 4/(-10) + 1667172/(-195). List the prime factors of l/(-133)*(-28)/(-6).
2, 3, 5
List the prime factors of 1217736/44 + 282/1551.
2, 11, 17, 37
Let o = 200 + -170. Suppose 11616 = o*r - 19*r. List the prime factors of r.
2, 3, 11
Suppose 0*m - 3*m + 4*s + 35 = 0, 3*m = -4*s - 5. Let x be 7 - ((-30)/(-2))/m. Suppose -11 = -v + x. List the prime factors of v.
3, 5
Let o(t) = 4*t**2 - t - 1. Let q be o(-1). Suppose 0 = -q*a + 8*a - p - 17, -4*p = 20. Let b(g) = 23*g - 20. What are the prime factors of b(a)?
7
Suppose -4*q - 4*a = -18665 + 977, -4*q + 17653 = -3*a. What are the prime factors of q?
7, 631
Suppose 41*t - 37*t = 88. What are the prime factors of (1758/(-8))/(t/(-88))?
3, 293
Let s = -18488 - -22439. What are the prime factors of s?
3, 439
Let z = 24261 + -8777. What are the prime factors of z?
2, 7, 79
Let j = -1299 - 224. Let d = j + 2603. What are the prime factors of d?
2, 3, 5
Suppose -390*q = -395*q - 3*l + 17034, -q = -l - 3410. What are the prime factors of q?
2, 3, 71
Suppose -3*q = -b - 17 - 55, -5*q + 4*b + 127 = 0. Let l(a) = a**3 - 23*a**2 + 3*a + 25. List the prime factors of l(q).
2, 47
Let a = -76 + 82. Let t(x) = -2*x**3 + 8*x**2 - 2*x + 8. Let n be t(a). Let q = n - -272. List the prime factors of q.
2, 31
Let k be (1 - 19/(-9)) + 11/(-99). Suppose 0 = -3*q - k*t - 15, 4*q - 5*t - 13 = 6*q. List the prime factors of q*166/(-48)*6.
83
Let k(j) = 26 - 110*j**2 - j**3 + 5*j + 124*j**2 + 1. What are the prime factors of k(13)?
3, 29
Let j = 3287 + -2082. Suppose -m - j = -6*m. Suppose -4*k = 5*x - 160, -5*k + x = -3*x - m. What are the prime factors of k?
3, 5
Suppose -3615*w + 3614*w = -12. Suppose -w*l + 16160 = 20*l. List the prime factors of l.
5, 101
Let v = 22724 + -14286. What are the prime factors of v?
2, 4219
Suppose 68078 = 8*f - 170. List the prime factors of f.
19, 449
Let b = -597 - -596. What are the prime factors of (925 - 6) + (b - (-1 + 0))?
919
Let o = -1569 - -2820. Let b = o - 310. Suppose b - 41 = 4*a. What are the prime factors of a?
3, 5
Suppose 3*k + k = -5*v - 2651, 1309 = -2*k + 3*v. Let f = k - -983. What are the prime factors of f?
2, 3
Let y be 0/1*-5*2/30. What are the prime factors of (3 + -5 - y) + 1305?
1303
Let g = 102 - 102. Suppose -1241 = -3*w + 3*h - 155, 2*w + h - 730 = g. What are the prime factors of w?
2, 7, 13
Let n(x) = 3*x**2 + x - 38. Suppose -b = -4*j + 3 + 24, 9 = 3*j + 3*b. List the prime factors of n(j).
2, 19
Let r be -3 - -26 - (0 - -1). Let p(c) = -14*c**2 - 51*c - 43. Let n(k) = -5*k**2 - 17*k - 15. Let q(w) = -17*n(w) + 6*p(w). What are the prime factors of q(r)?
107
Suppose 51*d - 29 = 50*d. Suppose 3112 + 16898 = d*j. What are the prime factors of j?
2, 3, 5, 23
Let i be (-1 + -3 + 3)*8/(-2). Suppose 0 = t - i*c - 115, 2*c = 3*t + 155 - 510. What are the prime factors of (5 + -1 + t)/3?
41
Let p = 22481 - 15248. List the prime factors of p.
3, 2411
Let j be (-5 - (-5 + 0)) + 6. Suppose 1912 = 4*s - j*l + 2*l, 4*l = -s + 493. Let d = s + -213. List the prime factors of d.
2, 67
Suppose 0 = 41*y + 87*y - 907008. What are the prime factors of y?
2, 3, 1181
What are the prime factors of 4/176*4 - (5596290/77)/(-10)?
2, 23, 79
Let w = -50 + 64. Let d = w + 18. Suppose -38 - d = -c. What are the prime factors of c?
2, 5, 7
Let z be (-4)/5*80/(-32). What are the prime factors of (4 - 1543/z)*(-8)/5?
2, 307
Let h(o) = 10*o**2 - 3*o + 805. What are the prime factors of h(30)?
5, 29, 67
Let q(k) = -51*k - 32. Let i be q(-9). Suppose 3*n = r - i, -5*r - 4*n - 1432 + 3662 = 0. What are the prime factors of r?
2, 13, 17
Let l be -2 + -2 - (-126)/21. What are the prime factors of (-2405)/(-2) + 1/l?
3, 401
Let b be 297/(-22)*(-2)/(-3). Let c(u) = 12*u**2 + 57*u - 24. What are the prime factors of c(b)?
3, 5, 29
Let z = 27128 - 3972. What are the prime factors of z?
2, 7, 827
Suppose 22*c + 2*c = 1040616. List the prime factors of c.
3, 97, 149
Suppose 128255 = 3*w - 2*g, 5*w - 108298 = 3*g + 105463. List the prime factors of w.
11, 13, 23
Suppose -4*j + 3*d = -11853, -5*j + 13368 = d - 1434. Suppose -4*p + 2380 = -4*n, -5*p + n = 3*n - j. Let m = p - 325. List the prime factors of m.
2, 67
Let j(m) = -29*m + 25. Let o be (-2)/3*((-27)/6 + 3). Let z(g) = -1. Let l(n) = o*j(n) + 4*z(n). What are the prime factors of l(-7)?
2, 7
Suppose -6*w - 5*w - 10901 = 0. Let m = w + 1816. What are the prime factors of m?
3, 5, 11
Let q(h) be the first derivative of -h**4/4 - 4*h**3/3 - 3*h**2/2 - 4*h - 20. Let t be q(-4). Suppose -t*f = -7*f - 51. List the prime factors of f.
3, 17
Suppose -6159*u - 738 = -6177*u. Let f(w) = -w**3 + 10*w**2 - 5*w + 2. Let l be f(4). Let b = l + u. List the prime factors of b.
7, 17
Let z = -919 - -23405. List the prime factors of z.
2, 11243
Let g be 5*-6*(-2)/20 + -2. List the prime factors of (-2 - 2/g)/(3/(-111)).
2, 37
Let l = 43294 - 26922. List the prime factors of l.
2, 4093
Let u = 1978 - -2030. What are the prime factors of u?
2, 3, 167
Let f(q) = 41*q - 16. Let s be f(15). Suppose -16*c + u = -18*c + s, 0 = -5*c + 5*u + 1520. List the prime factors of c.
7, 43
Let n(r) = 665*r - 7152. What are the prime factors of n(18)?
2, 3, 11, 73
Let x = -667 - 236. Let v = 2027 + x. List the prime factors of v.
2, 281
Suppose 0 = 3*n - 927 - 63. Let p = -191 + n. What are the prime factors of p?
139
Suppose n + 15 = -2*n, 3*n = 3*w - 21. Suppose w*y - 288 - 566 = 0. What are the prime factors of y?
7, 61
Suppose 4*o = 3*d + 34467, -4*o + 11267 + 23202 = -5*d. List the prime factors of o.
2, 3, 359
Let t(y) = 208*y - 735. What are the prime factors of t(51)?
3, 1097
Let n(s) = -24*s**3 + s**2 + s. Let h = -5 + 7. Suppose 12 = -h*a + 2*b, 3*b - 15 = 4*a + 4. List the prime factors of n(a).
2, 3
Let w(f) = 301*f**2 + 6*f - 257. What are the prime factors of w(10)?
17, 1759
Let r(x) = 6*x - 96. Let m be r(16). List the prime factors of m + (-6 + 5)*-518.
2, 7, 37
Suppose 434*f + 171105 + 466155 = 449*f. List the prime factors of f.
2, 13, 19, 43
Suppose 75*z - 70*z - 10 = 0. Suppose -407 = -c - a - a, z*c - 818 = -2*a. List the prime factors of c.
3, 137
Let c be (-32)/48 - 517/3. Let y = -184 + c. Let l = -226 - y. What are the prime factors of l?
131
Let g be (-1)/((-1 - 5)/12). Let w be (3/(-3))/(1/(-4)). List the prime factors of (13 - 0)/(g/w).
2, 13
Let o = 123 - 119. What are the prime factors of (o - (-10440)/10)*(-1)/(-2)?
2, 131
Let n = 0 - 5. Let q(x) be the third derivative of 13*x**5/60 + 19*x**4/24 - x**3/3 - 2*x**2 - 61*x. What are the prime factors of q(n)?
2, 3, 19
Let f(b) = 4*b**3 + 472*b**2 - 2*b - 103. What are the prime factors of f(-118)?
7, 19
Suppose -2*o = -2*i - o - 1212, 4*o - 1212 = 2*i. What are the